{"id":37,"date":"2026-04-06T11:44:37","date_gmt":"2026-04-06T09:44:37","guid":{"rendered":"https:\/\/wunderbeeren.at\/tickets\/?post_type=product&#038;p=37"},"modified":"2026-04-16T22:36:53","modified_gmt":"2026-04-16T20:36:53","slug":"kombiticket-erlebnishof-tulpenfelder","status":"publish","type":"product","link":"https:\/\/wunderbeeren.at\/tickets\/kaufen\/kombiticket-erlebnishof-tulpenfelder\/","title":{"rendered":"Kombiticket \u2014 Erlebnishof und Tulpenfelder"},"content":{"rendered":"<h3 data-start=\"0\" data-end=\"108\">Erlebt den Fr\u00fchling in seiner sch\u00f6nsten Form \u2013 an einem Ort, der mit Farben, Duft und Atmosph\u00e4re verzaubert!<\/h3>\n<p data-start=\"110\" data-end=\"458\">Die beeindruckenden Tulpenfelder verwandeln Stockerau in ein leuchtendes Bl\u00fctenmeer: \u00dcber 500.000 Tulpen aus Holland erstrahlen in voller Pracht und laden zum Staunen, Verweilen und Fotografieren ein. Zwischen den farbenfrohen Reihen entsteht ein einzigartiges Naturerlebnis \u2013 perfekt f\u00fcr unvergessliche Momente und wundersch\u00f6ne Fr\u00fchlingsbilder. \ud83c\udf37<\/p>\n<p data-start=\"460\" data-end=\"801\">Abgerundet wird euer Besuch durch den Erlebnishof, der mit verschiedenen Spiel- und Erlebnisstationen f\u00fcr zus\u00e4tzliche Abwechslung sorgt. Hier k\u00f6nnt ihr unter anderem ein Maisbad, Dosenschie\u00dfen oder Strohburgen entdecken. Auch f\u00fcr das leibliche Wohl ist gesorgt \u2013 mit Kaffee, Sekt, hausgemachten Mehlspeisen und niederl\u00e4ndischen Stroopwafeln.<\/p>\n<p data-start=\"803\" data-end=\"960\">Mit diesem Kombiticket genie\u00dft ihr beide Bereiche \u2013 mit besonderem Fokus auf ein farbenpr\u00e4chtiges Tulpen-Erlebnis und erg\u00e4nzendem Spa\u00df f\u00fcr die ganze Familie.<\/p>\n<p data-start=\"834\" data-end=\"971\"><em><strong data-start=\"350\" data-end=\"362\">Hinweis:<\/strong> Das Kombiticket kann t\u00e4glich von Montag &#8211; Freitag gebucht werden &#8211; f\u00fcr das Wochenende gibt es ein Kombiticket Wochenende. Ausnahme: 1. Mai 2026: hierf\u00fcr wird das Kombiticket Wochenende ben\u00f6tigt.\u00a0<\/em><\/p>\n","protected":false},"excerpt":{"rendered":"<p>Taucht ein in ein beeindruckendes Bl\u00fctenmeer aus \u00fcber 500.000 Tulpen und erlebt den Fr\u00fchling von seiner sch\u00f6nsten Seite \u2013 ein farbenfrohes Highlight f\u00fcr die ganze Familie. Erg\u00e4nzend sorgt der Erlebnishof f\u00fcr Spiel und Spa\u00df bei Gro\u00df und Klein.<\/p>\n","protected":false},"author":1,"featured_media":0,"comment_status":"open","ping_status":"closed","template":"","meta":[],"product_brand":[],"product_cat":[17],"product_tag":[],"class_list":{"0":"post-37","1":"product","2":"type-product","3":"status-publish","5":"product_cat-tickets","7":"first","8":"instock","9":"taxable","10":"shipping-taxable","11":"purchasable","12":"product-type-variable","13":"has-default-attributes"},"_links":{"self":[{"href":"https:\/\/wunderbeeren.at\/tickets\/wp-json\/wp\/v2\/product\/37","targetHints":{"allow":["GET"]}}],"collection":[{"href":"https:\/\/wunderbeeren.at\/tickets\/wp-json\/wp\/v2\/product"}],"about":[{"href":"https:\/\/wunderbeeren.at\/tickets\/wp-json\/wp\/v2\/types\/product"}],"author":[{"embeddable":true,"href":"https:\/\/wunderbeeren.at\/tickets\/wp-json\/wp\/v2\/users\/1"}],"replies":[{"embeddable":true,"href":"https:\/\/wunderbeeren.at\/tickets\/wp-json\/wp\/v2\/comments?post=37"}],"wp:attachment":[{"href":"https:\/\/wunderbeeren.at\/tickets\/wp-json\/wp\/v2\/media?parent=37"}],"wp:term":[{"taxonomy":"product_brand","embeddable":true,"href":"https:\/\/wunderbeeren.at\/tickets\/wp-json\/wp\/v2\/product_brand?post=37"},{"taxonomy":"product_cat","embeddable":true,"href":"https:\/\/wunderbeeren.at\/tickets\/wp-json\/wp\/v2\/product_cat?post=37"},{"taxonomy":"product_tag","embeddable":true,"href":"https:\/\/wunderbeeren.at\/tickets\/wp-json\/wp\/v2\/product_tag?post=37"}],"curies":[{"name":"wp","href":"https:\/\/api.w.org\/{rel}","templated":true}]}}