{"id":52,"date":"2026-04-18T20:10:44","date_gmt":"2026-04-18T18:10:44","guid":{"rendered":"https:\/\/wunderbeeren.at\/genuss\/?post_type=product&#038;p=52"},"modified":"2026-04-25T11:36:28","modified_gmt":"2026-04-25T09:36:28","slug":"erdbeer-brand","status":"publish","type":"product","link":"https:\/\/wunderbeeren.at\/genuss\/produkt\/erdbeer-brand\/","title":{"rendered":"Erdbeer Brand"},"content":{"rendered":"<p>Unser\u00a0Erdbeerbrand\u00a0ist edel, klar und intensiv im Geschmack \u2013\u00a0purer Erdbeergenuss in seiner feinsten Form. \ud83c\udf53\ud83d\udd25<\/p>\n<p>Aus sorgf\u00e4ltig ausgew\u00e4hlten, reifen Erdbeeren gebrannt, entfaltet er sein\u00a0fruchtiges Aroma\u00a0und eine angenehme\u00a0W\u00e4rme im Abgang\u00a0\u2013 perfekt f\u00fcr alle, die das Besondere sch\u00e4tzen.<\/p>\n<p>Ob als\u00a0Digestif nach einem guten Essen\u00a0oder als\u00a0Genussschluck zwischendurch\u00a0\u2013 dieser Brand bringt den\u00a0Geschmack sonnengereifter Erdbeeren\u00a0direkt ins Glas. \ud83e\udd42<\/p>\n<h3>Produktinformation<\/h3>\n<ul>\n<li>alc. 41,0% vol.<\/li>\n<li>Menge: 0,2l<\/li>\n<\/ul>\n","protected":false},"excerpt":{"rendered":"<p>Unser Erdbeerbrand \u00fcberzeugt mit klarem, intensivem Fruchtaroma und feiner W\u00e4rme im Abgang. Ideal als Digestif oder f\u00fcr besondere Genussmomente.<\/p>\n","protected":false},"featured_media":51,"comment_status":"open","ping_status":"closed","template":"","meta":[],"product_brand":[],"product_cat":[20],"product_tag":[],"class_list":{"0":"post-52","1":"product","2":"type-product","3":"status-publish","4":"has-post-thumbnail","6":"product_cat-spirituosen-likoere","8":"first","9":"instock","10":"taxable","11":"shipping-taxable","12":"purchasable","13":"product-type-simple"},"_links":{"self":[{"href":"https:\/\/wunderbeeren.at\/genuss\/wp-json\/wp\/v2\/product\/52","targetHints":{"allow":["GET"]}}],"collection":[{"href":"https:\/\/wunderbeeren.at\/genuss\/wp-json\/wp\/v2\/product"}],"about":[{"href":"https:\/\/wunderbeeren.at\/genuss\/wp-json\/wp\/v2\/types\/product"}],"replies":[{"embeddable":true,"href":"https:\/\/wunderbeeren.at\/genuss\/wp-json\/wp\/v2\/comments?post=52"}],"wp:featuredmedia":[{"embeddable":true,"href":"https:\/\/wunderbeeren.at\/genuss\/wp-json\/wp\/v2\/media\/51"}],"wp:attachment":[{"href":"https:\/\/wunderbeeren.at\/genuss\/wp-json\/wp\/v2\/media?parent=52"}],"wp:term":[{"taxonomy":"product_brand","embeddable":true,"href":"https:\/\/wunderbeeren.at\/genuss\/wp-json\/wp\/v2\/product_brand?post=52"},{"taxonomy":"product_cat","embeddable":true,"href":"https:\/\/wunderbeeren.at\/genuss\/wp-json\/wp\/v2\/product_cat?post=52"},{"taxonomy":"product_tag","embeddable":true,"href":"https:\/\/wunderbeeren.at\/genuss\/wp-json\/wp\/v2\/product_tag?post=52"}],"curies":[{"name":"wp","href":"https:\/\/api.w.org\/{rel}","templated":true}]}}