{"id":41,"date":"2026-04-20T13:47:50","date_gmt":"2026-04-20T11:47:50","guid":{"rendered":"https:\/\/wunderbeeren.at\/genuss\/?post_type=product&#038;p=41"},"modified":"2026-04-24T16:56:41","modified_gmt":"2026-04-24T14:56:41","slug":"marille-fruchtaufstrich","status":"publish","type":"product","link":"https:\/\/wunderbeeren.at\/genuss\/produkt\/marille-fruchtaufstrich\/","title":{"rendered":"Marille-Fruchtaufstrich"},"content":{"rendered":"<p>Wunderlich\u2019s Marillen-Marmelade\u00a0ist sonnig, fruchtig und einfach unwiderstehlich! Mit ihrem intensiven Marillengeschmack bringt sie Sommerlaune aufs Fr\u00fchst\u00fccksbrot \u2013 ganz egal zu welcher Jahreszeit.<\/p>\n<p>Unsere Marmelade besteht aus\u00a0mindestens 66 % feinsten Marillen aus Nieder\u00f6sterreich, sorgf\u00e4ltig verarbeitet und mit Liebe abgeschmeckt. So entsteht ein Fruchtaufstrich, der durch seine nat\u00fcrliche S\u00fc\u00dfe und den vollen Geschmack begeistert.<\/p>\n<p>Liebevoll verpackt\u00a0eignet sich unsere Marillen-Marmelade perfekt als kleines Geschenk oder s\u00fc\u00dfes Mitbringsel \u2013 ein St\u00fcck Sommer im Glas! \u2600\ufe0f<\/p>\n<p>Der fruchtige Aufstrich schmeckt herrlich\u00a0aufs frische Geb\u00e4ck, als F\u00fcllung f\u00fcr Buchteln oder Mehlspeisen\u00a0\u2013 oder einfach\u00a0pur mit dem L\u00f6ffel\u00a0direkt aus dem Glas. So gut, dass man gar nicht genug davon bekommen kann! \ud83c\udf51\ud83d\udc9b<\/p>\n","protected":false},"excerpt":{"rendered":"<p>Wunderlich\u2019s Marillenmarmelade \u00fcberzeugt mit intensivem Fruchtgeschmack und nat\u00fcrlicher S\u00fc\u00dfe. Hergestellt aus Marillen aus Nieder\u00f6sterreich, ideal f\u00fcrs Fr\u00fchst\u00fcck, zum Backen oder pur genie\u00dfen.<\/p>\n","protected":false},"featured_media":53,"comment_status":"open","ping_status":"closed","template":"","meta":[],"product_brand":[],"product_cat":[18],"product_tag":[],"class_list":{"0":"post-41","1":"product","2":"type-product","3":"status-publish","4":"has-post-thumbnail","6":"product_cat-fruchtaufstriche","8":"first","9":"instock","10":"taxable","11":"shipping-taxable","12":"purchasable","13":"product-type-simple"},"_links":{"self":[{"href":"https:\/\/wunderbeeren.at\/genuss\/wp-json\/wp\/v2\/product\/41","targetHints":{"allow":["GET"]}}],"collection":[{"href":"https:\/\/wunderbeeren.at\/genuss\/wp-json\/wp\/v2\/product"}],"about":[{"href":"https:\/\/wunderbeeren.at\/genuss\/wp-json\/wp\/v2\/types\/product"}],"replies":[{"embeddable":true,"href":"https:\/\/wunderbeeren.at\/genuss\/wp-json\/wp\/v2\/comments?post=41"}],"wp:featuredmedia":[{"embeddable":true,"href":"https:\/\/wunderbeeren.at\/genuss\/wp-json\/wp\/v2\/media\/53"}],"wp:attachment":[{"href":"https:\/\/wunderbeeren.at\/genuss\/wp-json\/wp\/v2\/media?parent=41"}],"wp:term":[{"taxonomy":"product_brand","embeddable":true,"href":"https:\/\/wunderbeeren.at\/genuss\/wp-json\/wp\/v2\/product_brand?post=41"},{"taxonomy":"product_cat","embeddable":true,"href":"https:\/\/wunderbeeren.at\/genuss\/wp-json\/wp\/v2\/product_cat?post=41"},{"taxonomy":"product_tag","embeddable":true,"href":"https:\/\/wunderbeeren.at\/genuss\/wp-json\/wp\/v2\/product_tag?post=41"}],"curies":[{"name":"wp","href":"https:\/\/api.w.org\/{rel}","templated":true}]}}