{"id":38,"date":"2026-04-16T13:33:13","date_gmt":"2026-04-16T11:33:13","guid":{"rendered":"https:\/\/wunderbeeren.at\/genuss\/?post_type=product&#038;p=38"},"modified":"2026-04-19T07:31:39","modified_gmt":"2026-04-19T05:31:39","slug":"suesses-kuerbis-gewuerz","status":"publish","type":"product","link":"https:\/\/wunderbeeren.at\/genuss\/produkt\/suesses-kuerbis-gewuerz\/","title":{"rendered":"S\u00fc\u00dfes K\u00fcrbis Gew\u00fcrz"},"content":{"rendered":"<p>Unser\u00a0s\u00fc\u00dfes K\u00fcrbisgew\u00fcrz\u00a0bringt herbstliche Wohlf\u00fchlmomente direkt in deine K\u00fcche! \ud83c\udf83\u2728<\/p>\n<p>Die feine Mischung aus\u00a0Rohrohrzucker, Zimt, Anis, Nelken, Piment, Fenchel und Macis\u00a0verleiht jedem Gericht dieses wunderbar\u00a0warme, w\u00fcrzig-s\u00fc\u00dfe Aroma, das man einfach mit Herbst verbindet.<\/p>\n<p>Perfekt f\u00fcr\u00a0Pumpkin Spice Kuchen, Latte, Muffins, Milchreis oder Kekse\u00a0\u2013 und nat\u00fcrlich f\u00fcr alles, was ein bisschen nach\u00a0Gem\u00fctlichkeit und Herbstzauber\u00a0schmecken darf. \ud83c\udf42\ud83d\udc9b<\/p>\n<p>Ein Muss f\u00fcr alle, die den Geschmack von\u00a0Pumpkin Spice lieben!<\/p>\n<p>55g<\/p>\n","protected":false},"excerpt":{"rendered":"<p>Unser s\u00fc\u00dfes K\u00fcrbisgew\u00fcrz verleiht Speisen ein warmes, w\u00fcrzig-s\u00fc\u00dfes Aroma. Ideal f\u00fcr Kuchen, Desserts, Getr\u00e4nke und alles, was nach herbstlicher Gem\u00fctlichkeit schmecken soll.<\/p>\n","protected":false},"featured_media":76,"comment_status":"open","ping_status":"closed","template":"","meta":[],"product_brand":[],"product_cat":[22],"product_tag":[],"class_list":{"0":"post-38","1":"product","2":"type-product","3":"status-publish","4":"has-post-thumbnail","6":"product_cat-gewuerze-feinkost","8":"first","9":"instock","10":"taxable","11":"shipping-taxable","12":"purchasable","13":"product-type-simple"},"_links":{"self":[{"href":"https:\/\/wunderbeeren.at\/genuss\/wp-json\/wp\/v2\/product\/38","targetHints":{"allow":["GET"]}}],"collection":[{"href":"https:\/\/wunderbeeren.at\/genuss\/wp-json\/wp\/v2\/product"}],"about":[{"href":"https:\/\/wunderbeeren.at\/genuss\/wp-json\/wp\/v2\/types\/product"}],"replies":[{"embeddable":true,"href":"https:\/\/wunderbeeren.at\/genuss\/wp-json\/wp\/v2\/comments?post=38"}],"wp:featuredmedia":[{"embeddable":true,"href":"https:\/\/wunderbeeren.at\/genuss\/wp-json\/wp\/v2\/media\/76"}],"wp:attachment":[{"href":"https:\/\/wunderbeeren.at\/genuss\/wp-json\/wp\/v2\/media?parent=38"}],"wp:term":[{"taxonomy":"product_brand","embeddable":true,"href":"https:\/\/wunderbeeren.at\/genuss\/wp-json\/wp\/v2\/product_brand?post=38"},{"taxonomy":"product_cat","embeddable":true,"href":"https:\/\/wunderbeeren.at\/genuss\/wp-json\/wp\/v2\/product_cat?post=38"},{"taxonomy":"product_tag","embeddable":true,"href":"https:\/\/wunderbeeren.at\/genuss\/wp-json\/wp\/v2\/product_tag?post=38"}],"curies":[{"name":"wp","href":"https:\/\/api.w.org\/{rel}","templated":true}]}}