{"id":28,"date":"2026-04-16T12:36:20","date_gmt":"2026-04-16T10:36:20","guid":{"rendered":"https:\/\/wunderbeeren.at\/genuss\/?post_type=product&#038;p=28"},"modified":"2026-04-19T07:36:06","modified_gmt":"2026-04-19T05:36:06","slug":"zimt-zucker-kuerbiskerne","status":"publish","type":"product","link":"https:\/\/wunderbeeren.at\/genuss\/produkt\/zimt-zucker-kuerbiskerne\/","title":{"rendered":"Zimt-Zucker K\u00fcrbiskerne"},"content":{"rendered":"<p>Unsere Zimt-Zucker K\u00fcrbiskerne sind der perfekte Snack f\u00fcr alle, die es s\u00fc\u00df und knusprig lieben!<\/p>\n<p>Der warme Zimt und die feine S\u00fc\u00dfe machen sie unwiderstehlich \u2013 ideal als kleine Nascherei zwischendurch oder als Topping auf Desserts. G\u00f6nn dir diese k\u00f6stliche Herbstleckerei und erlebe K\u00fcrbiskerne von ihrer s\u00fc\u00dfesten Seite!<\/p>\n","protected":false},"excerpt":{"rendered":"<p>Unsere Zimt-Zucker K\u00fcrbiskerne sind der perfekte Snack f\u00fcr alle, die es s\u00fc\u00df und knusprig lieben!<\/p>\n<p>Der warme Zimt und die feine S\u00fc\u00dfe machen sie unwiderstehlich \u2013 ideal als kleine Nascherei zwischendurch oder als Topping auf Desserts. G\u00f6nn dir diese k\u00f6stliche Herbstleckerei und erlebe K\u00fcrbiskerne von ihrer s\u00fc\u00dfesten Seite!<\/p>\n","protected":false},"featured_media":78,"comment_status":"open","ping_status":"closed","template":"","meta":[],"product_brand":[],"product_cat":[21],"product_tag":[],"class_list":{"0":"post-28","1":"product","2":"type-product","3":"status-publish","4":"has-post-thumbnail","6":"product_cat-snacks-knabbereien","8":"first","9":"instock","10":"taxable","11":"shipping-taxable","12":"purchasable","13":"product-type-simple"},"_links":{"self":[{"href":"https:\/\/wunderbeeren.at\/genuss\/wp-json\/wp\/v2\/product\/28","targetHints":{"allow":["GET"]}}],"collection":[{"href":"https:\/\/wunderbeeren.at\/genuss\/wp-json\/wp\/v2\/product"}],"about":[{"href":"https:\/\/wunderbeeren.at\/genuss\/wp-json\/wp\/v2\/types\/product"}],"replies":[{"embeddable":true,"href":"https:\/\/wunderbeeren.at\/genuss\/wp-json\/wp\/v2\/comments?post=28"}],"wp:featuredmedia":[{"embeddable":true,"href":"https:\/\/wunderbeeren.at\/genuss\/wp-json\/wp\/v2\/media\/78"}],"wp:attachment":[{"href":"https:\/\/wunderbeeren.at\/genuss\/wp-json\/wp\/v2\/media?parent=28"}],"wp:term":[{"taxonomy":"product_brand","embeddable":true,"href":"https:\/\/wunderbeeren.at\/genuss\/wp-json\/wp\/v2\/product_brand?post=28"},{"taxonomy":"product_cat","embeddable":true,"href":"https:\/\/wunderbeeren.at\/genuss\/wp-json\/wp\/v2\/product_cat?post=28"},{"taxonomy":"product_tag","embeddable":true,"href":"https:\/\/wunderbeeren.at\/genuss\/wp-json\/wp\/v2\/product_tag?post=28"}],"curies":[{"name":"wp","href":"https:\/\/api.w.org\/{rel}","templated":true}]}}